{"id":392,"date":"2024-04-05T11:18:05","date_gmt":"2024-04-05T09:18:05","guid":{"rendered":"https:\/\/www.fant.pl\/?post_type=product&#038;p=392"},"modified":"2025-10-30T13:03:13","modified_gmt":"2025-10-30T12:03:13","slug":"piekne-zlote-kolczyki-585-61g","status":"publish","type":"product","link":"https:\/\/www.fant.pl\/index.php\/produkt\/piekne-zlote-kolczyki-585-61g\/","title":{"rendered":"(PRZEDMIOT SPRZEDANY) Pi\u0119kne z\u0142ote kolczyki 585 6,1g"},"content":{"rendered":"<div class=\"ml-text-truncate__content\">\n<div>\n<div class=\"mlc-no-hydrate\">\n<div class=\"ml-text-medium  ml-text-hyphens mlc-offer__offer-details-text\">\n<p>Na sprzeda\u017c oferujemy pi\u0119kne z\u0142ote kolczyki wykonane ze z\u0142ota 585<\/p>\n<p>Kamienie cyrkonie<\/p>\n<p>Waga 6,1g<\/p>\n<p>\u015arednica 17,3mm<\/p>\n<\/div>\n<\/div>\n<\/div>\n<\/div>\n","protected":false},"excerpt":{"rendered":"<p>Na sprzeda\u017c oferujemy pi\u0119kne z\u0142ote kolczyki wykonane ze z\u0142ota 585 Kamienie cyrkonie Waga 6,1g \u015arednica 17,3mm<\/p>\n","protected":false},"featured_media":395,"template":"","meta":{"_kad_post_transparent":"","_kad_post_title":"","_kad_post_layout":"","_kad_post_sidebar_id":"","_kad_post_content_style":"","_kad_post_vertical_padding":"","_kad_post_feature":"","_kad_post_feature_position":"","_kad_post_header":false,"_kad_post_footer":false,"_kad_post_classname":""},"product_brand":[],"product_cat":[23],"product_tag":[],"class_list":{"0":"post-392","1":"product","2":"type-product","3":"status-publish","4":"has-post-thumbnail","6":"product_cat-zloto-i-srebro-bizuteria","8":"first","9":"outofstock","10":"purchasable","11":"product-type-simple","12":"entry","13":"content-bg","14":"loop-entry"},"jetpack_sharing_enabled":true,"_links":{"self":[{"href":"https:\/\/www.fant.pl\/index.php\/wp-json\/wp\/v2\/product\/392","targetHints":{"allow":["GET"]}}],"collection":[{"href":"https:\/\/www.fant.pl\/index.php\/wp-json\/wp\/v2\/product"}],"about":[{"href":"https:\/\/www.fant.pl\/index.php\/wp-json\/wp\/v2\/types\/product"}],"wp:featuredmedia":[{"embeddable":true,"href":"https:\/\/www.fant.pl\/index.php\/wp-json\/wp\/v2\/media\/395"}],"wp:attachment":[{"href":"https:\/\/www.fant.pl\/index.php\/wp-json\/wp\/v2\/media?parent=392"}],"wp:term":[{"taxonomy":"product_brand","embeddable":true,"href":"https:\/\/www.fant.pl\/index.php\/wp-json\/wp\/v2\/product_brand?post=392"},{"taxonomy":"product_cat","embeddable":true,"href":"https:\/\/www.fant.pl\/index.php\/wp-json\/wp\/v2\/product_cat?post=392"},{"taxonomy":"product_tag","embeddable":true,"href":"https:\/\/www.fant.pl\/index.php\/wp-json\/wp\/v2\/product_tag?post=392"}],"curies":[{"name":"wp","href":"https:\/\/api.w.org\/{rel}","templated":true}]}}