{"id":571,"date":"2024-04-09T11:03:43","date_gmt":"2024-04-09T09:03:43","guid":{"rendered":"https:\/\/www.fant.pl\/?post_type=product&#038;p=571"},"modified":"2025-10-30T13:00:02","modified_gmt":"2025-10-30T12:00:02","slug":"tabarystan-dirhema-gubernatorzy-abbasyccy","status":"publish","type":"product","link":"https:\/\/www.fant.pl\/index.php\/produkt\/tabarystan-dirhema-gubernatorzy-abbasyccy\/","title":{"rendered":"(PRZEDMIOT SPRZEDANY) Tabarystan, Dirhema &#8211; Gubernatorzy Abbasyccy"},"content":{"rendered":"<div class=\"ml-text-truncate__content\">\n<div>\n<div class=\"mlc-no-hydrate\">\n<div class=\"ml-text-medium  ml-text-hyphens mlc-offer__offer-details-text\">\n<p>Tabarystan &#8211; gubernatorzy abbasyccy<\/p>\n<p>1\/2 Dirhema<\/p>\n<p>Aw: Popiersie w\u0142adcy w prawo, Rw: P\u0142on\u0105cy o\u0142tarz, po bokach dwaj stra\u017cnicy ognia<\/p>\n<p>srebro, 23,3 mm, 1.77g,<\/p>\n<p>pi\u0119knie zachowana moneta<\/p>\n<\/div>\n<\/div>\n<\/div>\n<\/div>\n","protected":false},"excerpt":{"rendered":"<p>Tabarystan &#8211; gubernatorzy abbasyccy 1\/2 Dirhema Aw: Popiersie w\u0142adcy w prawo, Rw: P\u0142on\u0105cy o\u0142tarz, po bokach dwaj stra\u017cnicy ognia srebro, 23,3 mm, 1.77g, pi\u0119knie zachowana moneta<\/p>\n","protected":false},"featured_media":573,"template":"","meta":{"_kad_post_transparent":"","_kad_post_title":"","_kad_post_layout":"","_kad_post_sidebar_id":"","_kad_post_content_style":"","_kad_post_vertical_padding":"","_kad_post_feature":"","_kad_post_feature_position":"","_kad_post_header":false,"_kad_post_footer":false,"_kad_post_classname":""},"product_brand":[],"product_cat":[21],"product_tag":[],"class_list":{"0":"post-571","1":"product","2":"type-product","3":"status-publish","4":"has-post-thumbnail","6":"product_cat-monety","8":"first","9":"outofstock","10":"purchasable","11":"product-type-simple","12":"entry","13":"content-bg","14":"loop-entry"},"jetpack_sharing_enabled":true,"_links":{"self":[{"href":"https:\/\/www.fant.pl\/index.php\/wp-json\/wp\/v2\/product\/571","targetHints":{"allow":["GET"]}}],"collection":[{"href":"https:\/\/www.fant.pl\/index.php\/wp-json\/wp\/v2\/product"}],"about":[{"href":"https:\/\/www.fant.pl\/index.php\/wp-json\/wp\/v2\/types\/product"}],"wp:featuredmedia":[{"embeddable":true,"href":"https:\/\/www.fant.pl\/index.php\/wp-json\/wp\/v2\/media\/573"}],"wp:attachment":[{"href":"https:\/\/www.fant.pl\/index.php\/wp-json\/wp\/v2\/media?parent=571"}],"wp:term":[{"taxonomy":"product_brand","embeddable":true,"href":"https:\/\/www.fant.pl\/index.php\/wp-json\/wp\/v2\/product_brand?post=571"},{"taxonomy":"product_cat","embeddable":true,"href":"https:\/\/www.fant.pl\/index.php\/wp-json\/wp\/v2\/product_cat?post=571"},{"taxonomy":"product_tag","embeddable":true,"href":"https:\/\/www.fant.pl\/index.php\/wp-json\/wp\/v2\/product_tag?post=571"}],"curies":[{"name":"wp","href":"https:\/\/api.w.org\/{rel}","templated":true}]}}